f 72919?
False
Is 507351 a multiple of 13?
True
Is 99 a factor of 576327?
False
Does 237 divide 16378532?
False
Does 111 divide 1731458?
False
Does 381 divide 252204?
False
Is 192040 a multiple of 298?
False
Does 402 divide 10191906?
True
Is 32 a factor of 1265511?
False
Does 30 divide 2122116?
False
Is 20 a factor of 10981868?
False
Is 2506125 a multiple of 123?
True
Is 1263240 a multiple of 484?
True
Is 101 a factor of 19465528?
True
Is 367350 a multiple of 50?
True
Does 5 divide 575754?
False
Does 28 divide 33799?
False
Is 1964022 a multiple of 9?
False
Is 86 a factor of 392376?
False
Is 24493 a multiple of 206?
False
Is 8730783 a multiple of 205?
False
Is 320908 a multiple of 47?
False
Does 10 divide 58055?
False
Is 33 a factor of 3935349?
True
Does 8 divide 7462039?
False
Is 31756 a multiple of 250?
False
Is 75 a factor of 34125?
True
Is 645490 a multiple of 18?
False
Does 16 divide 3434032?
True
Is 70610 a multiple of 46?
True
Does 20 divide 302660?
True
Is 99 a factor of 112563?
True
Is 8121665 a multiple of 50?
False
Is 34 a factor of 258502?
True
Does 68 divide 3645831?
False
Does 22 divide 174108?
True
Is 354707 a multiple of 4?
False
Is 8520148 a multiple of 28?
True
Is 65 a factor of 7867600?
True
Does 15 divide 247772?
False
Is 58205 a multiple of 3?
False
Is 320 a factor of 458240?
True
Is 242 a factor of 423298?
False
Does 4 divide 36220?
True
Is 2934352 a multiple of 16?
True
Is 254603 a multiple of 106?
False
Does 56 divide 1051960?
True
Is 2701712 a multiple of 202?
False
Is 64 a factor of 673728?
True
Does 9 divide 490365?
True
Is 2389797 a multiple of 183?
True
Is 14 a factor of 571956?
True
Is 57 a factor of 155724?
True
Is 14 a factor of 3523436?
True
Is 1045389 a multiple of 818?
False
Does 15 divide 37470?
True
Is 779570 a multiple of 64?
False
Is 23648416 a multiple of 32?
True
Does 148 divide 243379?
False
Is 98233 a multiple of 59?
False
Is 4837308 a multiple of 42?
True
Does 17 divide 1879299?
True
Does 122 divide 99308?
True
Is 25 a factor of 4941515?
False
Does 668 divide 46092?
True
Is 365 a factor of 5657500?
True
Is 292626 even?
True
Is 1215758 a multiple of 87?
False
Is 1697486 a multiple of 791?
True
Does 571 divide 303461?
False
Is 1703909 a multiple of 49?
False
Is 34 a factor of 2336922?
True
Is 471839 a multiple of 43?
True
Is 3 a factor of 1880442?
True
Is 24 a factor of 925008?
True
Is 71 a factor of 507379?
False
Is 2306967 a multiple of 13?
True
Is 18 a factor of 2830806?
True
Is 4300178 a multiple of 26?
False
Does 97 divide 1888687?
True
Is 105 a factor of 88164?
False
Is 1438 a factor of 14717962?
False
Is 30554 a multiple of 123?
False
Does 82 divide 369228?
False
Is 7 a factor of 58926?
True
Does 242 divide 5082?
True
Does 821 divide 444161?
True
Does 238 divide 12037088?
True
Is 1128127 a multiple of 13?
True
Does 241 divide 11074432?
True
Is 10 a factor of 461216?
False
Is 572461 a multiple of 4?
False
Does 154 divide 1650110?
True
Does 11 divide 35047?
False
Is 20 a factor of 67662?
False
Does 167 divide 4557263?
True
Is 140 a factor of 12848465?
False
Is 3 a factor of 3004866?
True
Is 814 a factor of 2955634?
True
Does 144 divide 6282016?
False
Does 13 divide 2058030?
True
Is 233 a factor of 45435?
True
Is 133 a factor of 248710?
True
Does 175 divide 63990?
False
Does 47 divide 69675?
False
Does 13 divide 5899177?
False
Does 41 divide 2618875?
True
Is 193 a factor of 8076225?
False
Does 70 divide 494550?
True
Is 279954 a multiple of 151?
True
Is 14 a factor of 4004865?
False
Does 23 divide 4235312?
True
Is 14 a factor of 910952?
True
Is 93 a factor of 485502?
False
Is 148715 a multiple of 35?
True
Is 823004 a multiple of 13?
True
Is 41 a factor of 1532621?
True
Is 27 a factor of 1347381?
True
Is 453494 a multiple of 238?
False
Is 730 a factor of 3132430?
True
Is 83564 a multiple of 91?
False
Is 5 a factor of 243585?
True
Is 7080528 a multiple of 364?
True
Is 36 a factor of 8474724?
True
Does 943 divide 737426?
True
Does 15 divide 1387419?
False
Is 182481 a multiple of 8?
False
Is 9540816 a multiple of 1759?
True
Is 13 a factor of 22068?
False
Does 149 divide 4591387?
False
Does 3 divide 157279?
False
Does 352 divide 14222479?
False
Does 12 divide 1134624?
True
Does 4 divide 44768?
True
Does 184 divide 781816?
True
Does 8 divide 12791014?
False
Is 17842 a multiple of 9?
False
Is 130866 a multiple of 102?
True
Is 100715 a multiple of 6?
False
Is 1038 a factor of 3293574?
True
Is 2186650 a multiple of 866?
True
Does 115 divide 100625?
True
Is 41 a factor of 2015355?
True
Is 83 a factor of 8527614?
False
Is 174818 a multiple of 8?
False
Does 40 divide 488296?
False
Is 32 a factor of 18052?
False
Is 333 a factor of 25488153?
True
Is 343200 a multiple of 780?
True
Is 421183 a multiple of 168?
False
Is 52 a factor of 5930410?
False
Does 10 divide 17946489?
False
Is 559178 a multiple of 4?
False
Does 219 divide 16056763?
False
Is 287955 a multiple of 5?
True
Does 4 divide 8929686?
False
Is 504610 a multiple of 31?
False
Does 31 divide 11523351?
True
Is 27 a factor of 28584?
False
Does 152 divide 80712?
True
Is 7749700 a multiple of 16?
False
Is 282 a factor of 584022?
True
Does 10 divide 11977450?
True
Is 144633 a multiple of 84?
False
Does 74 divide 1707313?
False
Is 82 a factor of 66994?
True
Is 25716 a multiple of 22?
False
Is 801 a factor of 171414?
True
Is 17 a factor of 73916?
True
Is 722684 a multiple of 46?
False
Is 89 a factor of 2005348?
True
Is 32 a factor of 389464?
False
Is 13 a factor of 322114?
True
Is 295075 a multiple of 5?
True
Does 40 divide 6212805?
False
Is 362 a factor of 608160?
True
Is 39 a factor of 7090849?
False
Is 259180 a multiple of 164?
False
Is 509 a factor of 1425133?
False
Is 50686 a multiple of 75?
False
Does 187 divide 324305?
False
Is 454 a factor of 1413799?
False
Is 174 a factor of 318096?
False
Does 20 divide 513460?
True
Is 10 a factor of 601949?
False
Does 164 divide 175316?
True
Is 9296668 a multiple of 164?
True
Is 631 a factor of 742783?
False
Is 1426870 a multiple of 122?
False
Is 451413 a multiple of 521?
False
Does 3 divide 309431?
False
Is 345 a factor of 396750?
True
Does 235 divide 1028180?
False
Is 101 a factor of 954249?
False
Is 1608 a factor of 18414652?
False
Is 225630 a multiple of 230?
True
Is 25 a factor of 45604?
False
Is 2557374 a multiple of 1932?
False
Does 15 divide 30601?
False
Does 13 divide 177350?
False
Is 306162 a multiple of 6?
True
Is 156 a factor of 43680?
True
Is 63 a factor of 8381130?
False
Is 35 a factor of 453146?
False
Is 13 a factor of 94172?
True
Is 7 a factor of 112000?
True
Is 119306 a multiple of 6?
False
Does 392 divide 292040?
True
Is 30 a factor of 1022006?
False
Is 108 a factor of 132192?
True
Is 47 a factor of 501898?
False
Does 7 divide 3015780?
False
Is 205 a factor of 32400?
False
Does 5 divide 362400?
True
Is 6 a factor of 40098?
True
Is 260 a factor of 841942?
False
Does 150 divide 892200?
True
Is 50 a factor of 24501?
False
Is 31 a factor of 2604413?
False
Is 54 a factor of 1709532?
True
Does 14 divide 416064?
False
Is 332550 a multiple of 25?
True
Is 5691536 a multiple of 371?
False
Is 360 a factor of 148295?
False
Is 62 a factor of 495132?
True
Does 10 divide 315129?
False
Is 28083 a multiple of 108?
False
Does 31 divide 1430774?
True
Is 245532 a multiple of 37?
True
Is 48 a factor of 143856?
True
Is 338509 a multiple of 789?
False
Is 38 a factor of 83942?
True
Is 28 a factor of 1614181?
False
Is 6195900 a multiple of 60?
True
Does 49 divide 413304?
False
Does 113 divide 427816?
False
Is 88 a factor of 705232?
True
Is 36 a factor of 1411307?
False
Is 249278 a multiple of 113?
True
Is 163661 a multiple of 21?
False
Is 113 a factor of 4942507?
True
Is 239598 a multiple of 58?
True
Is 80 a factor of 246916?
False
Is 99 a factor of 722278?
False
Is 1976302 a multiple of 1188?
False
Does 795 divide 849060?
True
Does 15 divide 221310?
True
Is 9 a factor of 70160?
False
Is 36 a factor of 89882?
False
Is 41607 a multiple of 79?
False
Is 2933994 a multiple of 1083?
False
Is 631890 a multiple of 238?
True
Is 9426618 a multiple of 12?
False
Is 14 a factor of 9012568?
False
Is 1208509 a multiple of 133?
False
Is 11185113 a multiple of 101?
False
Is 23 a factor of 1940441?
True
Is 474 a factor of 2202822?
False
Is